uppose -5 = -s*z + 7. What is the units digit of z?
6
Suppose 2*d + v + 1 = 28, 4*v + 74 = 5*d. Let r(k) = -k**2 + 2. Let t be r(0). Suppose -t*u + d = -8. What is the units digit of u?
1
Let y(j) = 4 - 5 + 2*j - j. Let t be y(3). Suppose -t*b + 0*b + 18 = 0. What is the units digit of b?
9
Let x be (-4 - (-27)/6)*6. What is the tens digit of x/(-4)*(3 + -35)?
2
Let q(c) = -c**3 + 6*c**2 + 10*c - 7. Let y = 8 - 1. What is the units digit of q(y)?
4
Let f(y) = 7*y**2 + y + 1. Let k be f(-2). Suppose k = 2*g - 5. What is the tens digit of g?
1
Let h be 132/(-10) - 4/(-20). Let u = h + 32. What is the tens digit of u?
1
Let o = 47 + 18. What is the tens digit of o?
6
Let t be 2 + (-1)/((-1)/2). Let j = 5 + -7. Let n = t + j. What is the units digit of n?
2
Let b(t) = 3*t. What is the tens digit of b(5)?
1
Let n be (-482)/(-8) + (-3)/12. Let p = -36 + n. What is the units digit of p?
4
What is the units digit of 4/(1*3/60)?
0
Suppose -v + 3 - 2 = 0. Let s(g) = 3*g + 1. Let m be s(v). Suppose -3 = -x + m*d + 22, 4 = -d. What is the units digit of x?
9
Suppose 5*w - 3 = 7. What is the tens digit of w/4 - (-99)/6?
1
Suppose -3*r + 25 = 3*s - 4*s, -3*r = 4*s + 40. Let j = -7 - s. Let p = j - 2. What is the units digit of p?
4
Let r = 3 + -2. Let j be r/(-1) + 21 + 4. What is the units digit of ((-64)/j)/((-2)/3)?
4
Let o be 1 - 1 - (-4 + 3). Suppose -3*q = -3 - 12, 3 = -4*a - q. What is the units digit of (o - (0 - a))*-12?
2
Let z be (0/(-1))/(-4 + 2). Let f be z - (3/(-3) + -3). Suppose 0 = 5*x - 31 - f. What is the units digit of x?
7
Let a(c) = -c**2 + 6*c + 3. Let f be a(5). Suppose -4*x - f = y - 9*x, 3*y + 4 = 5*x. Suppose -y = -2*q + 12. What is the units digit of q?
7
Let j(p) = -p**3 - p**2 - p + 4. What is the units digit of j(0)?
4
Let n be (4/(-2))/(2/(-16)). Let k(f) = -2*f**2 + 14*f - 12. Let p be k(6). Suppose p = -4*b + n, -w - 4*b + b + 23 = 0. What is the units digit of w?
1
Suppose -4*a = -6*a + 8. Let c(y) = -4*y - 1. Let q be c(-1). Suppose l = a*l - q. What is the units digit of l?
1
Let m(a) = -2*a - 3. Let k(p) = -5*p - 6. Let q(b) = -3*k(b) + 7*m(b). What is the units digit of q(5)?
2
Let u = 96 + -1. What is the units digit of u?
5
Suppose 5 = -2*b + 21. Suppose -4*v - 16 = -b*v. What is the units digit of v?
4
Let h = -62 + 119. What is the tens digit of h?
5
Let s(m) = -22 + m**2 - 6*m + 7 + 0*m**2 - 3*m. What is the tens digit of s(13)?
3
Suppose 28 = b + 3*b. Suppose -4*n + 1 = -b. Suppose 0 = -3*f - 5*k + 29, n*k = -0*f + 3*f - 64. What is the units digit of f?
8
Suppose -5*v - 25 = 0, 2*q - 29 = 7*v - 2*v. Let b(m) = m - 5*m + q*m. What is the units digit of b(-3)?
6
Let i(h) = 21*h**2. What is the tens digit of i(-1)?
2
Suppose -4*s - 4 = 4*x, 2 + 3 = -2*s - 5*x. Suppose s = 2*o + 2*o - 28. What is the units digit of o?
7
Suppose w = 3*w - 6. What is the units digit of 1*(w - 2/1)?
1
Let p = 1 - -2. Suppose 5*r = p*g + g + 35, -3*g - 29 = -4*r. What is the tens digit of r?
1
Suppose 173 - 1154 = -4*o + x, -x + 3 = 0. What is the units digit of o?
6
Let q(g) = g**2 - 11*g + 2. Let d be q(10). Let m be -2 - (0 - 1) - d. Suppose 3*u - 25 + m = 0. What is the units digit of u?
6
Let k = 92 - 33. Suppose -3*t + k = -4*b, -2*t + 2*b = 3*t - 117. What is the tens digit of t?
2
Let i(y) be the third derivative of y**5/60 - y**4/6 - y**3/2 + 3*y**2. Let a be i(6). What is the units digit of 1*a - (0 + 2)?
7
Suppose 0 = j - 3 - 12. What is the units digit of j?
5
Suppose -5 = -4*c + 3*d, -2*c + 7*d = 3*d. Suppose -k - 3*b + 26 = 0, 8*b + 82 = c*k + 4*b. What is the units digit of k?
5
Let s be 1/(-2)*(3 - 3). Suppose -3*b + 2*y - 14 = -5*b, s = 2*b + 5*y - 29. Suppose -5*c + 17 - b = 0. What is the units digit of c?
3
What is the units digit of (-5 + (-55)/25)/(4/(-70))?
6
Let r be (9/2)/((-11)/(-132)). Suppose -24 = -2*o - h, 3*o - r = -o + h. What is the units digit of o?
3
Let k = 104 - 74. What is the tens digit of k?
3
Suppose 10 = -k + 16. Suppose 0 = k*i - 2*i - 160. What is the tens digit of i?
4
Let c = 34 + -10. What is the tens digit of c?
2
Let u be (0 + -1)/((-2)/(-42)). Let w(r) = -r**3 + 12*r**2 - 13*r - 9. Let s be w(11). Let h = u - s. What is the units digit of h?
0
Let b be (3 + -3)*(-1)/(-2). Suppose -2*r - 2 + 6 = b. Let h = r + -1. What is the units digit of h?
1
Let g = 1 + -1. Suppose g = 4*n + 1 + 15. Let f = n - -7. What is the units digit of f?
3
Suppose -4*q = 3*g - 7*g + 92, g - 25 = 2*q. What is the units digit of g?
1
Let t(f) = f**3 - 2*f**2 - 3*f + 8. What is the tens digit of t(6)?
3
Suppose 2*a - 6 - 2 = 0. What is the units digit of (-303)/(-33) + a/(-22)?
9
Suppose z = -0*z - 29. Let u = z + -3. What is the units digit of u/(-5) + 2/(-5)?
6
Let r be ((-7)/14)/((-1)/(-4)). Let i = -2 - r. Suppose 4*q = -4*f + 26 + 18, 4*f - 16 = i. What is the units digit of q?
7
Suppose -68 = -b - b. What is the units digit of b?
4
Suppose -u = 4*h + 7, h = 4*u - 22 - 1. Suppose -u*t - 4 = -t. What is the units digit of (2/(-4))/(t/6)?
3
Let h = 830 - 517. What is the tens digit of h?
1
Let w be (-3)/(-6)*4 - 6. Let a = w + 7. Suppose a*s - 20 = -s. What is the units digit of s?
5
Let l = 27 - -6. What is the units digit of l?
3
Let l = 5 - -4. Suppose 0 = d - l - 6. Suppose 3*z = -2*z + d. What is the units digit of z?
3
Let h be (3/(-2))/(6/(-8)). Suppose -8 = -2*z, j + 2*z + 4 = 3*z. Suppose -4*d + 4*q + 20 = j, -h*d + 4 + 1 = -3*q. What is the units digit of d?
0
Let h = -55 - -46. Let z = 28 - 14. Let j = z + h. What is the units digit of j?
5
What is the units digit of 25 - (-2 - (-16)/4)?
3
Let t(w) = -w**2 - w + 6. Let s be 2*1/1*1. Suppose -5*f = -s*f. What is the units digit of t(f)?
6
Let w = -17 - -30. What is the units digit of w?
3
Let c be (-2 - (0 - 0)) + 2. Let y(r) = r**3 - 3*r**2 + r - 3. Let p be y(3). Suppose p = -3*i + 4*i - f - 12, c = 3*f - 3. What is the units digit of i?
3
Let c = -118 - -241. What is the hundreds digit of c?
1
Let k(n) = -3*n**3 - 2*n - 1. Let f be k(-1). Let u(y) = 2*y**2 + 3*y. Let x be u(-2). Suppose x*l - 3 = 4*z + 3, 18 = f*l - 2*z. What is the units digit of l?
5
Let j(d) be the second derivative of d**5/20 + 5*d**4/12 - d**3/2 - d**2 - 3*d. What is the units digit of j(-4)?
6
Suppose -m + 6*m = 5*t + 35, 0 = 2*m + 2*t - 2. Suppose f + 2*f - 55 = -5*i, -4*i + 5*f = -81. What is the units digit of m/14 + 220/i?
6
What is the units digit of 78/(-195) - -6*(-698)/(-20)?
9
Suppose -4*f = 2*t - 608, -14*t = -13*t. What is the tens digit of f?
5
Let k = 129 + -50. What is the units digit of k?
9
Let v = 1 - -1. What is the units digit of -1*(38/v)/(-1)?
9
Let x(q) = q**3 + 10*q**2 - 11*q + 10. What is the tens digit of x(-8)?
2
Let z = 104 - 6. What is the units digit of z?
8
What is the tens digit of (-690)/(-54) - (-4)/18?
1
Let z = 23 + -21. Suppose 0 = -z*v + 5*v - 111. What is the units digit of v?
7
Let o = 15 - 6. Let h = o + 1. What is the tens digit of h?
1
Suppose 5*o - 7 = -2, -3*u + 2*o + 211 = 0. What is the tens digit of u?
7
Let t be (-5 - -19)/(2/10). Suppose -w + 3*i = i - 14, t = 5*w - 5*i. What is the units digit of w?
4
Suppose -4*o - 16 = -y - y, 5*y + 32 = -2*o. Let c = 15 - o. What is the units digit of c?
1
Suppose 4*o = 2*o + 114. What is the tens digit of o?
5
What is the tens digit of (-39)/((42/4)/(-7))?
2
What is the tens digit of (-16)/32 - (0 + 43/(-2))?
2
Let f(h) = -h - 4. Let y be f(-6). What is the units digit of y - (1 - 1)/3?
2
Suppose 5*s - 6 = 2*s, 4*g - 3*s = 398. What is the units digit of g?
1
Let d be 2 + (-4 - -1) + 1. Let c(v) = 3*v**2 + d + 0. What is the units digit of c(-1)?
3
Let a = 258 - 39. What is the units digit of a?
9
Let h(s) = s**2 - s + 1. Let f be h(2). Suppose f + 3 = -a. Let l(m) = m**3 + 6*m**2 + 1. What is the units digit of l(a)?
1
Suppose 7*n = 159 + 198. What is the units digit of n?
1
Suppose -5 = -3*l + 1. Suppose -7*o + 70 = -l*o. What is the units digit of o?
4
Suppose -5*c + 2 - 5 = -2*g, 0 = c + 4*g - 17. Let m = c - 0. What is the units digit of m?
1
Let p(h) = 20*h**2 + 2*h - 1. Suppose 0 = -n + 4 - 3. What is the tens digit of p(n)?
2
Let p(y) = -10*y**3 + 3*y**2 + 5*y + 3. What is the tens digit of p(-3)?
8
Let d = -11 - -18. Suppose 2*i + d - 55 = 0. What is the units digit of i?
4
L